s digit of 92773?
7
What is the thousands digit of 55335?
5
What is the thousands digit of 5619?
5
What is the hundreds digit of 25338?
3
What is the units digit of 1470?
0
What is the tens digit of 374?
7
What is the hundreds digit of 117269?
2
What is the tens digit of 413?
1
What is the thousands digit of 2891?
2
What is the thousands digit of 21495?
1
What is the tens digit of 558?
5
What is the units digit of 87530?
0
What is the tens digit of 67032?
3
What is the thousands digit of 5470?
5
What is the tens digit of 682?
8
What is the units digit of 728?
8
What is the tens digit of 6057?
5
What is the units digit of 132803?
3
What is the hundreds digit of 1908?
9
What is the thousands digit of 2926?
2
What is the thousands digit of 6898?
6
What is the units digit of 98481?
1
What is the units digit of 38958?
8
What is the tens digit of 14195?
9
What is the units digit of 58?
8
What is the hundreds digit of 1833?
8
What is the hundreds digit of 341?
3
What is the units digit of 62628?
8
What is the thousands digit of 5243?
5
What is the tens digit of 60567?
6
What is the hundreds digit of 1706?
7
What is the tens digit of 1838?
3
What is the hundreds digit of 19629?
6
What is the thousands digit of 2226?
2
What is the hundreds digit of 1276?
2
What is the units digit of 51855?
5
What is the hundreds digit of 2544?
5
What is the tens digit of 4870?
7
What is the units digit of 253?
3
What is the tens digit of 22794?
9
What is the units digit of 2804?
4
What is the tens digit of 2514?
1
What is the units digit of 28202?
2
What is the ten thousands digit of 53805?
5
What is the units digit of 68596?
6
What is the thousands digit of 26441?
6
What is the hundreds digit of 2189?
1
What is the thousands digit of 2951?
2
What is the hundreds digit of 56586?
5
What is the tens digit of 63?
6
What is the thousands digit of 1271?
1
What is the hundreds digit of 16318?
3
What is the units digit of 4131?
1
What is the ten thousands digit of 32389?
3
What is the ten thousands digit of 86561?
8
What is the hundreds digit of 2484?
4
What is the hundreds digit of 793?
7
What is the thousands digit of 2597?
2
What is the tens digit of 4303?
0
What is the thousands digit of 3265?
3
What is the ten thousands digit of 50953?
5
What is the units digit of 1620?
0
What is the hundreds digit of 595?
5
What is the units digit of 137?
7
What is the tens digit of 19125?
2
What is the hundreds digit of 31149?
1
What is the thousands digit of 5792?
5
What is the tens digit of 10633?
3
What is the tens digit of 277?
7
What is the units digit of 10362?
2
What is the ten thousands digit of 57493?
5
What is the units digit of 719?
9
What is the hundreds digit of 6025?
0
What is the hundreds digit of 193?
1
What is the hundreds digit of 9832?
8
What is the thousands digit of 3451?
3
What is the units digit of 773?
3
What is the units digit of 3911?
1
What is the thousands digit of 1255?
1
What is the units digit of 19919?
9
What is the ten thousands digit of 95113?
9
What is the units digit of 233?
3
What is the tens digit of 32484?
8
What is the units digit of 6517?
7
What is the tens digit of 5202?
0
What is the tens digit of 7477?
7
What is the units digit of 577?
7
What is the tens digit of 683?
8
What is the hundreds digit of 5150?
1
What is the hundreds digit of 2091?
0
What is the tens digit of 9540?
4
What is the tens digit of 1003?
0
What is the tens digit of 7289?
8
What is the tens digit of 971?
7
What is the tens digit of 383?
8
What is the units digit of 3594?
4
What is the ten thousands digit of 35355?
3
What is the units digit of 2935?
5
What is the tens digit of 7968?
6
What is the tens digit of 2584?
8
What is the thousands digit of 4840?
4
What is the hundreds digit of 250?
2
What is the tens digit of 2042?
4
What is the thousands digit of 2292?
2
What is the tens digit of 587?
8
What is the thousands digit of 10520?
0
What is the tens digit of 3110?
1
What is the hundreds digit of 3762?
7
What is the tens digit of 341?
4
What is the ten thousands digit of 111909?
1
What is the thousands digit of 130277?
0
What is the units digit of 3477?
7
What is the hundreds digit of 1256?
2
What is the hundreds digit of 29910?
9
What is the tens digit of 43725?
2
What is the units digit of 3250?
0
What is the ten thousands digit of 48684?
4
What is the units digit of 13082?
2
What is the hundreds digit of 59084?
0
What is the units digit of 13120?
0
What is the thousands digit of 28584?
8
What is the tens digit of 74372?
7
What is the hundreds digit of 5802?
8
What is the tens digit of 109?
0
What is the units digit of 413?
3
What is the tens digit of 5294?
9
What is the thousands digit of 1563?
1
What is the units digit of 848?
8
What is the units digit of 41935?
5
What is the ten thousands digit of 12372?
1
What is the hundreds digit of 3991?
9
What is the thousands digit of 3313?
3
What is the units digit of 13185?
5
What is the hundreds digit of 2563?
5
What is the tens digit of 1935?
3
What is the thousands digit of 21260?
1
What is the tens digit of 763?
6
What is the units digit of 1481?
1
What is the tens digit of 7428?
2
What is the units digit of 33944?
4
What is the units digit of 220?
0
What is the units digit of 3704?
4
What is the ten thousands digit of 88638?
8
What is the units digit of 257?
7
What is the thousands digit of 1781?
1
What is the hundreds digit of 10109?
1
What is the tens digit of 486?
8
What is the tens digit of 57133?
3
What is the thousands digit of 13315?
3
What is the units digit of 6102?
2
What is the tens digit of 78?
7
What is the units digit of 6467?
7
What is the tens digit of 76452?
5
What is the ten thousands digit of 24845?
2
What is the tens digit of 8371?
7
What is the tens digit of 836?
3
What is the thousands digit of 9978?
9
What is the units digit of 2547?
7
What is the units digit of 2361?
1
What is the hundreds digit of 4440?
4
What is the units digit of 859?
9
What is the thousands digit of 7583?
7
What is the ten thousands digit of 70301?
7
What is the tens digit of 45718?
1
What is the tens digit of 10811?
1
What is the hundreds digit of 8737?
7
What is the units digit of 1572?
2
What is the ten thousands digit of 28847?
2
What is the thousands digit of 1463?
1
What is the thousands digit of 22789?
2
What is the ten thousands digit of 70202?
7
What is the ten thousands digit of 83633?
8
What is the tens digit of 11774?
7
What is the units digit of 52131?
1
What is the units digit of 1949?
9
What is the thousands digit of 2773?
2
What is the tens digit of 8236?
3
What is the units digit of 68588?
8
What is the tens digit of 1170?
7
What is the tens digit of 1035?
3
What is the thousands digit of 1567?
1
What is the tens digit of 3618?
1
What is the units digit of 3896?
6
What is the hundreds digit of 20894?
8
What is the units digit of 69932?
2
What is the tens digit of 210?
1
What is the ten thousands digit of 13716?
1
What is the tens digit of 3489?
8
What is the hundreds digit of 71018?
0
What is the units digit of 1117?
7
What is the tens digit of 9302?
0
What is the tens digit of 29861?
6
What is the thousands digit of 55289?
5
What is the thousands digit of 3408?
3
What is the tens digit of 1489?
8
What is the hundreds digit of 3724?
7
What is the hundreds digit of 4720?
7
What is the hundreds digit of 537?
5
What is the hundreds digit of 3987?
9
What is the hundreds digit of 12486?
4
What is the tens digit of 2150?
5
What is the thousands digit of 10022?
0
What is the units digit of 23611?
1
What is the hundreds digit of 75228?
2
What is the ten thousands digit of 58529?
5
What is the hundreds digit of 4234?
2
What is the tens digit of 9036?
3
What is the thousands digit of 63617?
3
What is the ten thousands digit of 29230?
2
What is the units digit of 580?
0
What is the ten thousands digit of 13201?
1
What is the hundreds digit of 883?
8
What is the hundreds digit of 129383?
3
What is the thousands digit of 8767?
8
What is the units digit of 30637?
7
What is the hundreds digit of 8202?
2
What is the thousands digit of 13696?
3
What is the units digit of 268?
8
What is the units digit of 1200?
0
What is the units digit of 36361?
1
What is the units digit of 6861?
1
What is the thousands digit of 3775?
3
